der when 710 is divided by 179.
173
What is the remainder when 99 is divided by 25?
24
What is the remainder when 7759 is divided by 2586?
1
Calculate the remainder when 124 is divided by 14.
12
Calculate the remainder when 96 is divided by 25.
21
What is the remainder when 16640 is divided by 314?
312
Calculate the remainder when 1941 is divided by 29.
27
What is the remainder when 272 is divided by 46?
42
What is the remainder when 2481 is divided by 47?
37
Calculate the remainder when 763 is divided by 15.
13
Calculate the remainder when 2782 is divided by 121.
120
What is the remainder when 134 is divided by 132?
2
Calculate the remainder when 5835 is divided by 42.
39
What is the remainder when 696 is divided by 44?
36
Calculate the remainder when 10325 is divided by 23.
21
What is the remainder when 3864 is divided by 86?
80
Calculate the remainder when 40 is divided by 18.
4
What is the remainder when 1864 is divided by 171?
154
What is the remainder when 23 is divided by 18?
5
Calculate the remainder when 20 is divided by 19.
1
Calculate the remainder when 1559 is divided by 173.
2
Calculate the remainder when 562 is divided by 15.
7
What is the remainder when 2276 is divided by 33?
32
Calculate the remainder when 180 is divided by 47.
39
What is the remainder when 1316 is divided by 18?
2
What is the remainder when 375 is divided by 29?
27
Calculate the remainder when 353 is divided by 41.
25
Calculate the remainder when 31 is divided by 17.
14
What is the remainder when 1602 is divided by 73?
69
What is the remainder when 358 is divided by 55?
28
What is the remainder when 357 is divided by 30?
27
Calculate the remainder when 663 is divided by 29.
25
What is the remainder when 1633 is divided by 182?
177
Calculate the remainder when 740 is divided by 252.
236
What is the remainder when 2685 is divided by 207?
201
Calculate the remainder when 464 is divided by 59.
51
What is the remainder when 1010 is divided by 254?
248
What is the remainder when 1318 is divided by 53?
46
What is the remainder when 92 is divided by 31?
30
What is the remainder when 1217 is divided by 37?
33
What is the remainder when 1687 is divided by 19?
15
What is the remainder when 135 is divided by 30?
15
What is the remainder when 804 is divided by 13?
11
What is the remainder when 111 is divided by 56?
55
Calculate the remainder when 1322 is divided by 100.
22
Calculate the remainder when 81 is divided by 11.
4
What is the remainder when 38 is divided by 27?
11
Calculate the remainder when 1163 is divided by 25.
13
What is the remainder when 795 is divided by 10?
5
What is the remainder when 1257 is divided by 106?
91
What is the remainder when 166 is divided by 19?
14
Calculate the remainder when 341 is divided by 337.
4
What is the remainder when 254 is divided by 80?
14
What is the remainder when 346 is divided by 167?
12
What is the remainder when 58 is divided by 47?
11
Calculate the remainder when 221 is divided by 36.
5
Calculate the remainder when 2122 is divided by 82.
72
Calculate the remainder when 1229 is divided by 175.
4
What is the remainder when 387 is divided by 371?
16
What is the remainder when 204 is divided by 46?
20
What is the remainder when 398 is divided by 102?
92
Calculate the remainder when 97 is divided by 28.
13
Calculate the remainder when 88 is divided by 15.
13
Calculate the remainder when 381 is divided by 5.
1
What is the remainder when 8053 is divided by 76?
73
What is the remainder when 1348 is divided by 200?
148
Calculate the remainder when 116 is divided by 98.
18
Calculate the remainder when 459 is divided by 33.
30
Calculate the remainder when 6917 is divided by 66.
53
What is the remainder when 431 is divided by 297?
134
Calculate the remainder when 775 is divided by 111.
109
What is the remainder when 180 is divided by 75?
30
What is the remainder when 5300 is divided by 9?
8
What is the remainder when 1734 is divided by 8?
6
Calculate the remainder when 129 is divided by 35.
24
Calculate the remainder when 294 is divided by 30.
24
Calculate the remainder when 160 is divided by 44.
28
What is the remainder when 1028 is divided by 29?
13
What is the remainder when 4832 is divided by 40?
32
Calculate the remainder when 294 is divided by 68.
22
What is the remainder when 676 is divided by 227?
222
Calculate the remainder when 713 is divided by 50.
13
Calculate the remainder when 61 is divided by 16.
13
What is the remainder when 8 is divided by 1?
0
Calculate the remainder when 251 is divided by 35.
6
Calculate the remainder when 719 is divided by 16.
15
What is the remainder when 979 is divided by 20?
19
What is the remainder when 72 is divided by 19?
15
What is the remainder when 651 is divided by 174?
129
What is the remainder when 135 is divided by 41?
12
Calculate the remainder when 3347 is divided by 13.
6
What is the remainder when 667 is divided by 34?
21
Calculate the remainder when 179 is divided by 8.
3
Calculate the remainder when 1721 is divided by 481.
278
Calculate the remainder when 207 is divided by 11.
9
What is the remainder when 222 is divided by 51?
18
What is the remainder when 195 is divided by 110?
85
Calculate the remainder when 5291 is divided by 67.
65
What is the remainder when 156 is divided by 58?
40
Calculate the remainder when 1000 is divided by 59.
56
What is the remainder when 603 is divided by 55?
53
What is the remainder when 5065 is divided by 65?
60
Calculate the remainder when 788 is divided by 127.
26
Calculate the remainder when 461 is divided by 116.
113
What is the remainder when 118 is divided by 7?
6
Calculate the remainder when 450 is divided by 87.
15
Calculate the remainder when 161 is divided by 89.
72
What is the remainder when 753 is divided by 12?
9
What is the remainder when 679 is divided by 136?
135
What is the remainder when 107 is divided by 19?
12
Calculate the remainder when 463 is divided by 167.
129
What is the remainder when 949 is divided by 38?
37
Calculate the remainder when 349 is divided by 117.
115
Calculate the remainder when 918 is divided by 71.
66
Calculate the remainder when 5246 is divided by 41.
39
What is the remainder when 87 is divided by 24?
15
What is the remainder when 109 is divided by 8?
5
Calculate the remainder when 64 is divided by 26.
12
What is the remainder when 909 is divided by 311?
287
What is the remainder when 2036 is divided by 122?
84
Calculate the remainder when 150 is divided by 68.
14
Calculate the remainder when 499 is divided by 24.
19
What is the remainder when 135 is divided by 23?
20
What is the remainder when 266 is divided by 27?
23
What is the remainder when 76 is divided by 21?
13
What is the remainder when 92 is divided by 46?
0
What is the remainder when 132 is divided by 34?
30
What is the remainder when 721 is divided by 38?
37
Calculate the remainder when 462 is divided by 143.
33
What is the remainder when 161 is divided by 6?
5
Calculate the remainder when 779 is divided by 23.
20
What is the remainder when 102 is divided by 52?
50
Calculate the remainder when 26 is divided by 19.
7
What is the remainder when 528 is divided by 59?
56
Calculate the remainder when 330 is divided by 197.
133
What is the remainder when 21 is divided by 16?
5
Calculate the remainder when 227 is divided by 105.
17
Calculate the remainder when 1032 is divided by 115.
112
What is the remainder when 901 is divided by 51?
34
Calculate the remainder when 1047 is divided by 70.
67
Calculate the remainder when 111 is divided by 64.
47
Calculate the remainder when 282 is divided by 72.
66
What is the remainder when 2927 is divided by 119?
71
Calculate the remainder when 140 is divided by 22.
8
What is the remainder when 56 is divided by 33?
23
Calculate the remainder when 809 is divided by 12.
5
What is the remainder when 788 is divided by 15?
8
Calculate the remainder when 11031 is divided by 2757.
3
Calculate the remainder when 627 is divided by 160.
147
Calculate the remainder when 1189 is divided by 14.
13
Calculate the remainder when 375 is divided by 71.
20
Calculate the remainder when 2508 is divided by 77.
44
Calculate the remainder when 131 is divided by 35.
26
What is the remainder when 94 is divided by 28?
10
Calculate th